2)/(-3) - 4/6. Suppose 2*h - x = -b*h. List the prime factors of h.
3
Suppose 5711093 = -17*i + 198*i. List the prime factors of i.
139, 227
Suppose 14*s - 61127 = 9*s - 2*z, -3*s + 3*z + 36693 = 0. List the prime factors of s.
12227
List the prime factors of 0 + -3 - ((-12658)/(-3)*-3 + 4).
3, 4217
Suppose 18*z = 5*z - 9035. Let l = z - -1421. List the prime factors of l.
2, 3, 11
Let n = 106 - 106. Suppose n = -j - 8*j + 225. Suppose f - 49 = j. List the prime factors of f.
2, 37
Let c(q) = 20*q - 2. Let r be (-2 + 1)*(-2)/2*2. What are the prime factors of c(r)?
2, 19
Suppose 33 = -3*m - a + 44, 5*m - 13 = -3*a. Let s(r) = 22*r**2 + 4*r - 1. Let f be s(-4). Suppose -5*p - m = -f. What are the prime factors of p?
2, 3, 11
Suppose 5*l + 2*p - 98839 = 0, 5*l + p - 59303 = 2*l. What are the prime factors of l?
3, 11, 599
Suppose -3*p + 402 = -p. Suppose 119 = 14*h + 1351. Let n = h + p. What are the prime factors of n?
113
Let q be (7/3 - -2) + (-48)/36. Suppose -18*i + q*u = -15*i - 1599, -2681 = -5*i + u. What are the prime factors of i?
3, 179
Suppose -2*r + 798 = 3*y - 657, 5*r + 5*y - 3655 = 0. List the prime factors of r.
2, 3, 41
Let g = 17 - 12. Suppose -g*f = -10*f + 20. List the prime factors of (-2)/f*8*(-38)/4.
2, 19
Let m be (-2)/(-1 + 2) - (-56 - 229). Suppose 1415 = b + 3*x, -x = b - 1138 - m. What are the prime factors of b?
2, 89
Let q(p) = 2*p**3 - 7*p**2 + 6*p - 5. Suppose 0 = 3*u + 2*u - 2*i - 51, 0 = -5*i + 10. Suppose u*n - 3*n = 32. What are the prime factors of q(n)?
5, 7
Let t(j) = 112*j - 8. Let k be t(-2). Let p = k + 420. List the prime factors of p.
2, 47
Suppose -8 = -3*f + 11*f. What are the prime factors of (-13)/39 + f/((-9)/2334)?
7, 37
Let f be (8*4/(-8))/(4/(-86)). Let a = -85 + f. List the prime factors of (-7)/(21/6) - -85*a.
83
Let n(z) = z**2 + 9*z + 10. Let v be n(-8). Suppose 2*g = -0*d + 3*d - 3045, -2022 = -v*d + 4*g. List the prime factors of d.
3, 113
Suppose -5*d - 23 = -g - 0*d, 4*g - 17 = 5*d. Let k be (1 + g)/((0 + -3)/6). Suppose -2 = -y + 1, -k*q - y = -571. What are the prime factors of q?
2, 71
Let y(r) = -23*r**2 + r**3 - 25 - r + 14 + 45. List the prime factors of y(23).
11
Suppose -2*q + 173 = 2*j - 119, 5*q - 444 = -3*j. Suppose 0 = -3*w - j + 491. List the prime factors of w.
2, 29
Suppose 0 = -6*r + 50711 + 11623 + 23136. List the prime factors of r.
5, 7, 11, 37
Suppose 4*q - 495 = -5*b, 4*q = 6*b - b - 495. Let k = 101 - b. Suppose 2*h + k*a - 82 = 0, 8*h - 4*h - 4*a = 172. List the prime factors of h.
2, 3, 7
Suppose -20491 - 12338 = -31*y. What are the prime factors of y?
3, 353
Suppose -4*c = -2*t + 11 - 171, 0 = c - 3*t - 50. Suppose -5*n = -u + 3 - 67, 8 = n + u. Let o = c + n. List the prime factors of o.
2, 5
Let d = -30 - -17. Let l(m) = 25 - 9 + 3*m + 7 + m**2 + 0*m**2 + 23. What are the prime factors of l(d)?
2, 11
Suppose 0 = 2*w - 3649 - 217. What are the prime factors of w?
1933
Suppose 4*h = -2*z + 60, -h - 39 + 54 = 2*z. List the prime factors of -1*(-50)/h*243.
2, 3, 5
Let f = -94 + 108. Let z(w) = w**3 - f*w**2 - 12*w + 34 + 23*w - 9*w - 8*w. What are the prime factors of z(15)?
13
Let m(j) be the second derivative of j**4/6 + j**3 + 11*j**2/2 - 40*j. What are the prime factors of m(8)?
11, 17
Let a(r) = 2*r**2 + 4*r + 16. Let u be a(-4). Suppose 3*m = 5*w + u, -18 = -5*m + 5*w + 22. List the prime factors of ((-1)/m - (-342)/(-8))*-1.
43
Let k = -26225 + 71908. List the prime factors of k.
11, 4153
What are the prime factors of (-69 + 5365)/(-2 - -4)?
2, 331
Let q be 45/2*((-24)/(-10))/3. Suppose 5*f - 2670 = -3*l, -19*l = -4*f - q*l + 2153. List the prime factors of f.
3, 179
List the prime factors of (-5)/(-1 + 0) + 11 + 8735.
3, 2917
Let k = -768 + 1051. Suppose k + 4269 = 4*f. What are the prime factors of f?
2, 569
Let g(v) = 316*v**2 + 30*v + 101. What are the prime factors of g(-4)?
3, 23, 73
Suppose 2*n - 5152 = c, 0 = 2*n + n - 4*c - 7728. Let v = n - 1367. What are the prime factors of v?
3, 13, 31
Let o be (-562)/(-3) + 14/21. Let c = -125 + o. Suppose c = 2*h - 3*q, h = 2*h + 2*q - 21. List the prime factors of h.
3
Let o = -28 - -31. Suppose o*t + 32 = -103. Let r = -40 - t. What are the prime factors of r?
5
Suppose 0*w + 156 = 12*w. Suppose q - w*q = 225768. List the prime factors of 0 + (-4)/6 - q/69.
2, 17
Let z(x) = 11*x**2 - 64*x + 994. List the prime factors of z(24).
2, 2897
Let w be -4 + 13/(13/(-10)) - -2. Let u(t) = t**3 + 12*t**2 - 4*t - 46. What are the prime factors of u(w)?
2
Let p = 27 + -23. Suppose 4*j - 61 - 75 = -5*m, p*m + 170 = 5*j. Suppose 519 = -j*h + 37*h. List the prime factors of h.
173
Suppose -2*i - 1 = -i + 3*k, i = -2*k + 1. Suppose 5*b = d - 19, 0*d + i*d = 2*b + 26. What are the prime factors of (-20)/6*(-8 + (d - 2))?
2, 5
List the prime factors of (-868264)/(-40) + (-13)/(325/(-10)).
7, 443
Suppose 0 = -p - 5 - 6. Let s = p + 15. Suppose 3*c - 337 = -2*u, -2*u = -4*c - s*u + 448. What are the prime factors of c?
3, 37
Let o be (20/(-7))/((-186)/(-21) - 9). What are the prime factors of (8/o*-5)/((-4)/434)?
7, 31
List the prime factors of (-827200)/(-170) - 4/(-34).
2, 3, 811
Let w = 829 - 829. Suppose 181*j - 180*j - 856 = w. List the prime factors of j.
2, 107
Let r(k) = 11*k - 28. Let m be 248/(-100)*-5 + (-2)/5. What are the prime factors of r(m)?
2, 13
Let v(c) = 3*c**3 + 22*c**2 + 9*c + 16. Let x be v(-7). Suppose -k - 181 - 86 = -f, -2*f = x*k - 526. What are the prime factors of f?
5, 53
Suppose -9 - 11 = -2*g. Let k be ((-5)/g*26)/(1/(-31)). Suppose -8*o - l + k = -4*o, 3*o - 298 = -5*l. What are the prime factors of o?
101
Let q(c) = 278*c**2 - 5*c - 5. Let o be q(7). Suppose -3756 + o = 17*m. List the prime factors of m.
2, 17
Suppose 3*i - 6529 = h - 5*h, 3 = i. What are the prime factors of h?
2, 5, 163
Let z(b) = 65*b**2 - 2649*b + 40. List the prime factors of z(52).
2, 3, 7, 151
Let l = 1107 + 16417. List the prime factors of l.
2, 13, 337
Let w(n) = 116*n**2 - 2*n + 2. Let o be ((-10)/(-25))/(4/40). Suppose 3 = o*m - 3*u - 1, 2*u = -2*m + 2. What are the prime factors of w(m)?
2, 29
Suppose 0 = 4*p + 5*i - 189, -193 = -4*p - 3*i - 6. List the prime factors of (6 - (3 + (-43)/2))*p.
7, 23
Suppose -26*j + 55 = -49. Let s = 259 + -21. Suppose -5*c + j*t + s = -2*c, -3*t + 358 = 5*c. What are the prime factors of c?
2, 37
Suppose 33*d - d = -21*d + 1447271. List the prime factors of d.
7, 47, 83
Let s(f) = 7*f**2 - 3 - 42*f + 19 - 6 - 3 - 6. What are the prime factors of s(-8)?
5, 157
Let p be -724 + (4*1)/2. Let l be 1/(5/(-10)*(-18)/(-135)). What are the prime factors of p/l + 12/(-90)?
2, 3
Let k = -12677 + 54376. What are the prime factors of k?
7, 23, 37
Let t be (0 + -3)*((-2)/4 + (-1848)/(-144)). Suppose 0 = 3*l - 4*y + 297, l - y - 377 = 5*l. Let j = t - l. What are the prime factors of j?
2, 29
Let d(x) = -4*x**2 - x - 11. Let p(v) = -4*v**2 - 4*v - 11. Let l(f) = -3*d(f) + 2*p(f). List the prime factors of l(-3).
2, 31
Suppose 5*y + 1210 = 7501 + 13419. List the prime factors of y.
2, 3, 73
Let k be (4 + -2)/(2/(-391)). Let o = 780 + k. What are the prime factors of o?
389
Let z be (1 + -11)*1*-1*1564. Suppose -6*p = 17*p - z. List the prime factors of p.
2, 5, 17
Let a = -704 - -706. Suppose -2495 = -2*g - 5*z, 4998 = -a*g + 6*g + 2*z. What are the prime factors of g?
2, 5
Let j = -6711 + 7373. List the prime factors of j.
2, 331
Let z = 815 + 942. What are the prime factors of (-120)/300 - z*(-1)/5?
3, 13
Suppose -5*n + 28835 = -o, 3*n - 26014 + 8713 = 5*o. List the prime factors of n.
73, 79
Suppose 5*o + 4*s - 1 = 9, o - 5*s - 2 = 0. List the prime factors of (o*(-15)/(-20))/((-6)/(-2080)).
2, 5, 13
Let r = -967 - -477. Let b = r + 636. What are the prime factors of b?
2, 73
Let x(p) = p**3 + 61*p**2 + 242*p + 139. List the prime factors of x(-56).
2267
Let y be 0 + 404/10 + (-16)/40. Suppose -y = -0*c + 4*c. List the prime factors of 24*(6/10 + (-4)/c).
2, 3
Suppose -43*s + 53*s = 55770. List the prime factors of s.
3, 11, 13
Let h = 51067 - 34982. What are the prime factors of h?
5, 3217
Let m(t) = -t - 19*t - 2*t + 33 - 9*t. Let l(k) = -1. Let q(j) = -5*l(j) - m(j). What are the prime factors of q(7)?
3, 7
Let l(b) = b**2 + 6*b - 4. Let y be l(-8). Suppose -y - 336 = -3*w. List the pri